j(l).
-12
Let i(o) = o - 25. Suppose 0 = 4*y + 3*w - 55, -2*y + 40 = 8*w - 4*w. Calculate i(y).
-15
Let n(f) = 4*f - 1. Suppose -3*l + 11*l - 96 = 0. Let c = -15 + l. What is n(c)?
-13
Suppose 0 = -n + 2*s + 5, -s + 0 + 3 = 5*n. Let i(c) = -10*c**3 - 2*c**2 + 1. Determine i(n).
-11
Let x(f) = f**2 - 5*f - 6. Let q(l) = l + 19. Let b be q(-17). Let h(d) = d**3 + d**2 + d - 2. Let m be h(b). Suppose 3*t - m = t. What is x(t)?
0
Let j(m) = -m - 17. Suppose 31*h - 17*h = -112. Calculate j(h).
-9
Let w be 4 - ((-4)/(-5))/(60/150). Let l(k) be the second derivative of -7*k - 4*k**w + 1/6*k**3 + 0. What is l(0)?
-8
Suppose 14 = -n - v, n + 2*v + 6 = -11. Let h(i) be the first derivative of i**2/2 + 14*i - 2980. Determine h(n).
3
Let x be (18/8)/(20/400). Let g(u) = u + 53 - 106 + x. Calculate g(8).
0
Let t(p) be the first derivative of p**2/2 - 19*p + 63. Give t(6).
-13
Let c be (-3)/54*(-210)/28. Let v(y) be the second derivative of 1/20*y**5 + 3*y**2 - 2*y + c*y**4 - 5/6*y**3 + 0. Calculate v(-6).
0
Let t(z) = z**2 - 13*z + 11. Let a(m) = m**3 - 3*m**2 - 8*m + 13. Let f be a(4). Let g be (f/2)/(21/(-112)). Calculate t(g).
-29
Let h = 36 - 33. Suppose -r + 1 + 0 = 0, -2*r = -u - h. Let c(z) = -12*z**3 - z**2 - z - 1. What is c(u)?
11
Let u be (-12)/(-16) + (-2)/(-8). Suppose -u = -2*r + r. Let b(o) = -3*o + 3*o - o + 4*o. What is b(r)?
3
Suppose y + 3*y = 2*b - 38, 3*y = -5*b + 69. Suppose 0 = 6*q - b - 9. Let u(v) = v**3 - 3*v**2 - 5*v + 2. Calculate u(q).
-2
Let y(o) = o**3 - o**2 + o + 5. Suppose 2*x = 4*x - 8. Suppose 0 = -x*f + 16. Suppose -8*j = -f*j. Determine y(j).
5
Let y(x) = -x**2 - 20*x + 578. Let q be y(-36). Let r(j) = -8*j**3 + 2*j**2 + 7*j. Let n(w) = -w**3 + w. Let v(o) = -6*n(o) + r(o). What is v(q)?
-6
Let o(x) be the first derivative of -x**4/4 + 2*x**3 - x**2/2 + 3*x - 61. Calculate o(6).
-3
Let y(j) = j**2 - 4*j - 7. Suppose 5*u - 2*b - 15 = 0, 15 = 5*u - 4*b + b. Suppose u*o - 16 = -7*h + 2*h, 5 = -5*h. Calculate y(o).
14
Let i be (-1)/10 - -2*(-6)/(-120). Let o(s) = -s**2 - 2*s - 5. What is o(i)?
-5
Suppose 129 = -4*t - 135. Let m = 72 + t. Let k(a) = -2*a**2 + 9*a. Determine k(m).
-18
Let r be (19 - 13)*(-9)/(-6). Let t(m) be the first derivative of -m**4/4 + 10*m**3/3 - 9*m**2/2 + 8*m - 3. Give t(r).
8
Let q(v) = v**3 - v**2 + v. Suppose -6*u + 5*u = -3. Suppose -u*o = o. Give q(o).
0
Let g(m) = -8*m - 1. Let n(d) = -d**3 + 17*d**2 - 68*d - 24. Let i be n(10). Calculate g(i).
31
Let c(h) = -h**3 - h**2 + 10. Let f(z) = 20*z - 100. Let n be f(5). Determine c(n).
10
Suppose -5*j = -l + 15, -l - 19 - 1 = 2*j. Let g be ((-30)/(-25))/((-4)/l). Let s = -2 - g. Let v(b) = -2*b - 4. Calculate v(s).
6
Let q = 181 + -186. Let t(a) = -a**2 - 5*a - 2. Give t(q).
-2
Let w = 57 - 54. Suppose w*k + 12 = -k. Let c(z) = 3*z + 3. What is c(k)?
-6
Let l = -333 + 317. Let c(z) = -2*z - 34. Determine c(l).
-2
Let p(q) = -8*q - q**2 + 2*q - 1 + 3. Suppose d + 0*z = -4*z + 25, d - 2*z - 25 = 0. Suppose -c + 5*u - 22 = 0, 0 = -c + 5*c + u + d. Calculate p(c).
-5
Let j(d) = -d**2 - 14*d - 15. Let r = 1318 + -1328. Give j(r).
25
Let a be ((-168)/(-98))/((-4)/(-14)) + 3. Let d be ((176/24)/(-11))/((-2)/a). Let c(v) = v - 3. Determine c(d).
0
Let z = -643 - -639. Let y(u) = -u**3 - 7*u**2 - 5*u. Let q(x) = -4*x**3 - 29*x**2 - 21*x + 1. Let w(v) = 2*q(v) - 9*y(v). Calculate w(z).
6
Let t(d) = d**2 - 7*d - 6. Let w = -41 + 46. Let b be (14/(-5))/((-2)/w). Determine t(b).
-6
Suppose 0 = -5*u - x - 56, 0 = -3*u - x - 14 - 20. Let t(d) = -d**3 - 11*d**2 + 10. Determine t(u).
10
Suppose 2*c + i + 20 = -2*c, -30 = 3*c - 3*i. Let w(z) be the third derivative of z**5/60 + z**4/4 + z**3/6 + 9*z**2. Calculate w(c).
1
Let o(z) = -4*z + 1. Suppose -4*i = -4*h + 20, 0 = 6*h - 2*h + 3*i - 27. What is o(h)?
-23
Let r(u) = -u**3 + 8*u**2 - u + 9. Let f be r(8). Let t(z) = 2. Let n(m) = -m. Let w(g) = f*t(g) + 2*n(g). Let v = 4 + -10. Give w(v).
14
Let f(i) = 3*i**2 - 7*i + 7. Let h(u) = -u**2 + 4*u - 4. Let c(p) = 2*f(p) + 5*h(p). Determine c(-5).
-11
Let i(q) = 7*q**2 + 5*q - 6. Let n(w) = 9*w**2 + 6*w - 8. Let h(s) = -4*i(s) + 3*n(s). Suppose 0 = -r + 2, -3*o = 2*o - r + 12. Calculate h(o).
0
Let g(y) be the second derivative of -y**5/20 + 7*y**4/12 - y**3 - 7*y**2/2 + 40*y + 1. Determine g(6).
-7
Let g(i) = -2*i + 2*i + 5*i**3 + i + 3*i**3 + 13*i**3. Calculate g(-1).
-22
Let x(b) = 2*b - 7. Suppose h - 1 - 5 = 0. Suppose 0 = -5*q + 2*q + 3*s + 30, 5*s = 2*q - 26. Let j be (q/4 - 2) + h. Give x(j).
5
Let l(p) be the second derivative of -1/12*p**4 + 0 + 6*p + 5/6*p**3 + 7/2*p**2. Let f be l(6). Let a(g) = 9*g**2 + 1. Give a(f).
10
Let t(l) = -3 + 5*l**3 - 14*l - 2*l**3 - 4*l**3 + 11*l**2 + 9. Give t(10).
-34
Let t(y) = 114 + 3*y + 92 - 197. Give t(-6).
-9
Let n(f) = f**2 + 8*f + 17. Suppose 2*m = 2*q + 14, 44*m = -q + 49*m - 7. Determine n(q).
10
Let q(m) = 3*m - 2 + 0*m**2 + m**2 + 10 + 6*m. Suppose -3*h - 4*w - 19 = 0, -3*h - 37 = -32*w + 27*w. Give q(h).
8
Let r(d) = -d + 9. Let i be r(8). Let s(g) = 0 + 0 + i - 3*g. Let a = -8 - -6. What is s(a)?
7
Let s(m) = 14*m**3 - 14*m**2 - 9. Let l(y) = 5*y**3 - 5*y**2 - 3. Let w be 14/21 - 60/9. Let f(n) = w*s(n) + 17*l(n). Give f(0).
3
Let a be (8/10)/(2/5). Suppose a - 6 = 4*z. Let u(b) = -50 + 11*b**2 - 10*b**2 + 29 - b**3 + 22 + 2*b. Determine u(z).
1
Suppose b + 5 = -4*x + 16, x - 2 = 0. Let d be ((-12)/(-2))/(46/23). Let p(t) = -t + 2*t**2 - 3*t - 2*t**b + 3*t**d - t**2. What is p(-3)?
-6
Let q be (-18 + 20)/(2 - 0). Let i(m) = -m**3 + q + 3 + 2*m**2 + 4*m - 1. Calculate i(4).
-13
Suppose -2*z = 3*z - 10, -3*z = 3*o - 9. Suppose -5*n - 14 = o. Let g(l) = -6*l - 1. Let s(r) = r. Let a(c) = 3*g(c) + 15*s(c). Calculate a(n).
6
Let d(u) be the second derivative of 0 + 9/20*u**5 + 4*u + 1/12*u**4 - 1/3*u**3 + 1/2*u**2. What is d(1)?
9
Let y(c) = c + 2. Suppose 4*s + 23 = -z - 18, -11 = 4*s - 5*z. Determine y(s).
-7
Let t(u) = 22 - 18 - u - 6. Determine t(-5).
3
Let k(t) be the second derivative of -t**4/6 + t**3 - 2*t. Let p be (24/21)/(6/21). Give k(p).
-8
Let q(f) be the third derivative of -f**4/24 - 2*f**3/3 - f**2. Let z = -15 + 33. Let u = 12 - z. Give q(u).
2
Let a be ((-3)/2)/(94 + -103). Let b(u) be the third derivative of 0*u + 0 - a*u**4 + 12*u**2 + 0*u**3 + 1/60*u**5. Give b(4).
0
Let p = 14 - 7. Let o(x) = 1 + 17*x - 8*x + x**3 - 7*x**2 - 5*x - 3*x. Calculate o(p).
8
Let f be 3 + -2 - (5 + -25). Let k be 6/f + 117/7. Let v(x) = -x**3 + 18*x**2 - 16*x - 12. Let c be v(k). Let o(b) = -b - 1. Determine o(c).
-6
Let h(y) = 0*y + 3*y - 2*y + 2*y**2 - 2 + 2*y**3 + y**3. Suppose 5 = -3*b - 1. What is h(b)?
-20
Suppose 13*t = 18*t - 25. Suppose t*n - 72 = 14*n. Let i(f) = f**2 + 9*f + 12. Calculate i(n).
4
Suppose -6*h + 36 = -0*h. Let t(v) be the second derivative of v**3/6 + 12*v. Determine t(h).
6
Suppose -23 = 3*y - 29. Suppose -2*f + 0*h = -2*h - 18, -4*f + y*h = -28. Let p(j) = -2*j + 6. Calculate p(f).
-4
Let u(s) be the second derivative of -11*s**4/12 + 17*s**3/6 + 3*s**2/2 + 10*s. Let h(m) = 4*m**2 - 6*m - 1. Let v(p) = -17*h(p) - 6*u(p). Calculate v(-1).
-3
Let x(z) = z**3 - 2*z**2 + 3*z - 3. Let i be x(2). Suppose i*k - 13 = -0*c - 5*c, -5*k + 7 = c. Let f(n) = 0 + 3*n + 2 - 2 + 3 + n**c. Calculate f(-3).
3
Let j(k) = -5*k**2 + 10. Let u(z) = -18*z**2 + z + 33. Let h(l) = 7*j(l) - 2*u(l). Determine h(2).
4
Let u(i) = 11*i - 8 - 7*i - 2*i. Let l = 35 + -28. Give u(l).
6
Suppose 4*y + 1 - 17 = -4*f, -y + 8 = 3*f. Let p(k) = -18 + 6*k**2 + k - 7*k**y + 11. Calculate p(0).
-7
Let x(s) be the first derivative of -s**4/4 - 2*s**3/3 + 3*s**2/2 + 6*s - 79. Give x(-3).
6
Let r(y) be the second derivative of -y**4/12 + y**3/6 + 3*y**2/2 - 251*y. Give r(-3).
-9
Suppose -4*m = -3*q - q - 24, 3*m + 4*q - 4 = 0. Let a(n) be the third derivative of -n**6/120 + n**5/15 + n**4/12 - n**3/3 - 2*n**2 + 21. What is a(m)?
6
Suppose -3*c - 4 = -1, 0 = -2*d - 4*c + 36. Let n = 37 - d. Let t = 17 - n. Let g(p) = -p + 3. Determine g(t).
3
Let k(v) = -v**2 - 9*v - 2. Let i(h) = h. Let u(p) = -5*i(p) - k(p). Let x(c) = c**2 + 15*c + 9. Let y be 760/(-55) + 2/(-11). Let r be x(y). Calculate u(r).
7
Let q(k) = -66 + 66 + 250*k - 241*k. What is q(-3)?
-27
Let o(j) = j**3 - 7*j**2 - 2*j + 16. Let g be o(7). Let a(x) = -3*x**3 + x*